r of 219196565 and 35.
35
Calculate the highest common factor of 2795 and 14780246.
13
Calculate the highest common divisor of 4907208 and 540.
12
What is the greatest common divisor of 144107900 and 28352?
1772
Calculate the greatest common factor of 702740 and 126836.
3428
What is the greatest common factor of 506 and 7977826?
46
What is the highest common divisor of 57090 and 191165?
865
What is the highest common divisor of 30 and 166291530?
30
Calculate the greatest common divisor of 140174 and 155606.
1286
What is the greatest common divisor of 75367635 and 97539?
7503
What is the greatest common divisor of 3969210 and 18?
6
Calculate the greatest common factor of 465682 and 87.
29
What is the highest common factor of 129429 and 379422?
1773
Calculate the highest common factor of 393309 and 34209.
189
Calculate the highest common factor of 44 and 11230.
2
Calculate the greatest common factor of 31029460 and 660.
220
Calculate the highest common factor of 5518 and 834334.
62
Calculate the greatest common divisor of 8487 and 932299.
41
Calculate the greatest common divisor of 11185500 and 50.
50
What is the highest common factor of 987792302 and 903?
301
What is the greatest common divisor of 334009 and 117?
13
Calculate the highest common divisor of 16636590 and 29754.
1026
What is the highest common factor of 10934326 and 2418?
26
Calculate the greatest common factor of 2100395 and 55.
55
Calculate the greatest common factor of 25 and 25736505.
5
Calculate the highest common factor of 13127774 and 1870.
374
Calculate the highest common divisor of 45233972 and 1036.
28
Calculate the highest common divisor of 648313 and 22097319.
7811
Calculate the highest common divisor of 7434 and 622214.
118
What is the greatest common factor of 46066138 and 236?
118
Calculate the greatest common divisor of 43855 and 229120.
895
Calculate the highest common factor of 62 and 150182321.
31
What is the highest common divisor of 11 and 23641739?
11
What is the highest common divisor of 1477410 and 136730?
1210
Calculate the highest common factor of 18144 and 8834.
14
Calculate the greatest common factor of 37872480 and 376.
8
What is the greatest common divisor of 14025 and 11802675?
1275
Calculate the greatest common factor of 843828732 and 1667.
1667
Calculate the highest common factor of 1705878 and 24894.
18
What is the greatest common factor of 5730 and 241070?
10
Calculate the highest common factor of 9971 and 72511.
59
Calculate the highest common factor of 43730638 and 98.
98
Calculate the greatest common divisor of 792278 and 17088.
178
Calculate the highest common factor of 16657028 and 5299.
757
Calculate the greatest common divisor of 186 and 108612282.
186
What is the highest common divisor of 12478 and 80373?
367
What is the highest common divisor of 10209852 and 54?
18
Calculate the greatest common divisor of 1393978 and 70.
2
Calculate the highest common divisor of 4497577 and 56.
7
What is the highest common factor of 96842 and 5463306?
2362
Calculate the highest common divisor of 989723350 and 12880.
1610
What is the greatest common factor of 14 and 334566?
2
What is the greatest common divisor of 10 and 14716222?
2
Calculate the greatest common divisor of 238 and 2489242.
238
Calculate the highest common divisor of 22995 and 1064413.
511
What is the highest common divisor of 304 and 7649392?
16
Calculate the highest common divisor of 35177 and 11687.
29
What is the greatest common divisor of 105 and 6528660?
15
Calculate the greatest common divisor of 319834823 and 231.
77
Calculate the highest common factor of 1934991 and 1581.
51
What is the highest common divisor of 1343228 and 25?
1
What is the highest common divisor of 9099 and 73526997?
1011
What is the highest common divisor of 13300 and 24668175?
3325
Calculate the greatest common divisor of 666305272 and 8.
8
What is the highest common factor of 116840 and 1144940?
460
Calculate the highest common divisor of 7585975 and 143543.
1817
Calculate the greatest common factor of 90549669 and 4326.
2163
Calculate the greatest common divisor of 18069 and 40983.
57
Calculate the greatest common divisor of 1202460 and 59305.
2045
What is the highest common divisor of 2184 and 6593132?
364
What is the greatest common divisor of 7314700 and 4548?
1516
Calculate the highest common factor of 25919275 and 575.
575
What is the highest common factor of 1148788 and 1634?
86
Calculate the highest common divisor of 169597012 and 52.
52
What is the highest common divisor of 364269 and 60102?
159
Calculate the highest common factor of 10902 and 3043317.
237
Calculate the highest common divisor of 193377125 and 2703.
901
What is the highest common divisor of 46720 and 11252950?
730
What is the greatest common divisor of 45 and 5480163?
9
Calculate the highest common factor of 166 and 26385949.
83
What is the highest common factor of 2206624080 and 240?
240
What is the greatest common factor of 9458976 and 8?
8
Calculate the highest common factor of 68 and 9052534.
34
What is the highest common factor of 4921531 and 359?
359
What is the greatest common factor of 11986110 and 3708?
1854
Calculate the greatest common divisor of 19520 and 172935.
305
Calculate the highest common divisor of 172672 and 1184422.
2698
What is the greatest common divisor of 41378 and 238?
34
What is the highest common factor of 5352 and 1425639?
669
Calculate the highest common divisor of 420132 and 1519968.
2676
What is the highest common divisor of 891 and 965?
1
Calculate the greatest common divisor of 8385 and 10766899.
559
Calculate the highest common factor of 18795 and 104139336.
3759
What is the highest common divisor of 13603 and 406199?
61
Calculate the highest common factor of 73601880 and 4440.
4440
Calculate the highest common factor of 552 and 22068592.
184
What is the greatest common divisor of 6536138 and 1148?
574
Calculate the greatest common factor of 1084561 and 3154.
83
Calculate the highest common divisor of 858246 and 252721.
457
Calculate the greatest common divisor of 2071641 and 25311.
429
Calculate the greatest common factor of 12301432 and 968.
88
Calculate the highest common factor of 93670 and 42503570.
3230
Calculate the highest common factor of 95706090 and 34.
34
What is the highest common factor of 1809 and 573794901?
1809
Calculate the greatest common factor of 47792808 and 3358.
146
What is the highest common divisor of 2299 and 450483?
121
What is the highest common divisor of 524116 and 38488?
1132
What is the highest common factor of 207654669 and 9?
9
Calculate the highest common divisor of 43979 and 46657.
13
Calculate the greatest common factor of 9408375 and 50.
25
Calculate the highest common factor of 4647714 and 1044.
174
What is the greatest common factor of 1600308 and 66?
6
Calculate the greatest common factor of 4526 and 777108.
62
Calculate the greatest common factor of 2132 and 4320161144.
2132
What is the greatest common factor of 114118200 and 234?
18
What is the greatest common factor of 6549 and 2050725?
111
Calculate the greatest common divisor of 90710 and 3890.
10
Calculate the greatest common divisor of 44 and 653615468.
44
Calculate the highest common factor of 1174901 and 3913.
91
Calculate the greatest common factor of 160 and 7929440.
160
What is the highest common divisor of 14300 and 68211?
143
What is the greatest common divisor of 76 and 238691490?
38
What is the greatest common factor of 1135723 and 557?
557
Calculate the highest common factor of 2331 and 46614672.
333
What is the greatest common factor of 165151620 and 14750?
590
What is the greatest common factor of 3844771 and 2975?
119
What is the greatest common divisor of 108 and 7139691?
27
Calculate the highest common factor of 33450699 and 177.
177
Calculate the greatest common divisor of 2782 and 64293411.
1391
Calculate the highest common factor of 1061337 and 203163.
843
What is the greatest common divisor of 20 and 73629740?
20
Calculate the highest common divisor of 1035738967 and 46.
23
Calculate the greatest common factor of 1456283 and 444.
37
Calculate the highest common divisor of 13438763 and 442.
13
Calculate the highest common divisor of 479 and 337398020.
479
Calculate the greatest c